28556835?
28556822
In base 15, what is 2c + 632d7?
63314
In base 14, what is -ad716a + -21?
-ad718b
In base 5, what is 22220432 - -31?
22221013
In base 10, what is -6363 - -777?
-5586
In base 3, what is -1021 + -1110022001020?
-1110022002111
In base 15, what is -2 + 434a09?
434a07
In base 11, what is 153a236 - 8?
153a229
In base 5, what is -3301 + 321424?
313123
In base 2, what is 100011110010111110 - 10001?
100011110010101101
In base 8, what is -1414 - 10730?
-12344
In base 16, what is 11132f + 3?
111332
In base 11, what is -284755 - -42?
-284713
In base 10, what is -42 - 13478648?
-13478690
In base 15, what is 1a40 - -136?
1b76
In base 16, what is -c01a + 80?
-bf9a
In base 15, what is -2bd + -d8b?
-1159
In base 11, what is 11187463 - -2?
11187465
In base 8, what is 2220203 + -164?
2220017
In base 2, what is -101101001100 - -1001011101101111101?
1001011000000110001
In base 3, what is -2 - -1100022002212?
1100022002210
In base 16, what is 10cf198 - -1?
10cf199
In base 6, what is 130403 - -34?
130441
In base 8, what is 540 + -12466?
-11726
In base 9, what is -764663 - -702?
-763861
In base 6, what is -12211 + -33102?
-45313
In base 9, what is 275174 - 20?
275154
In base 7, what is 25563 - -31423?
60316
In base 15, what is 7ba0b - -11?
7ba1c
In base 10, what is -3082 - 2560?
-5642
In base 15, what is 1 + -63b80be?
-63b80bd
In base 13, what is -568cc6 - 80?
-569076
In base 4, what is 13311221 + 20320?
13332201
In base 12, what is -1 + 1ab5a88?
1ab5a87
In base 15, what is -23c0c - -2793?
-21469
In base 3, what is 20002221102 + -12111?
20002201221
In base 3, what is 1000001022200 - -201112?
1000002001012
In base 16, what is 393ae18 - -1?
393ae19
In base 12, what is 294 + 9179?
9451
In base 16, what is -a + -23a1eff?
-23a1f09
In base 2, what is 1100100000000010101011 + 0?
1100100000000010101011
In base 12, what is -25b23889 - -4?
-25b23885
In base 11, what is 139738132 - 2?
139738130
In base 13, what is 1058a2 + -8b7?
104cb8
In base 6, what is -253001144 - 1?
-253001145
In base 6, what is -15443221442 + -12?
-15443221454
In base 2, what is -100010101101110000 - -110001?
-100010101100111111
In base 6, what is -535030033 - 41?
-535030114
In base 7, what is 23341226 - 5?
23341221
In base 5, what is 42132 - -323112?
420244
In base 2, what is 10 - -11010010110100100000?
11010010110100100010
In base 12, what is 207 - 126015a?
-125bb53
In base 11, what is -110189700 + -1?
-110189701
In base 7, what is 35025 + 40465?
105523
In base 4, what is -131 + 11232001203?
11232001012
In base 6, what is 155402441 - -32?
155402513
In base 2, what is 10000011111111100010101 - 1?
10000011111111100010100
In base 15, what is -1e6c4 + -a8?
-1e77c
In base 2, what is 11101010011 - 1111001000?
1110001011
In base 2, what is 10101010100010011 + -10010110?
10101010001111101
In base 14, what is 41 - -197001?
197042
In base 10, what is -58629 + 284?
-58345
In base 16, what is 303b2 + 3c?
303ee
In base 14, what is -dac52b - 2?
-dac52d
In base 8, what is 2650747 - -17?
2650766
In base 3, what is -102011020020202 - -2101?
-102011020011101
In base 2, what is 10000010100110110000000 + 10011?
10000010100110110010011
In base 15, what is 1b81472 - -1?
1b81473
In base 2, what is -10111 + 1100101101101100010?
1100101101101001011
In base 14, what is 40c61 - -78?
40cd9
In base 2, what is -110100110000011100010000 + 10?
-110100110000011100001110
In base 7, what is 2 - -1254045?
1254050
In base 8, what is 1716564665 + -3?
1716564662
In base 11, what is -1262253 + -2?
-1262255
In base 7, what is -5426552266 - -3?
-5426552263
In base 13, what is 1 - 73ab87?
-73ab86
In base 5, what is -1 - 411321002431?
-411321002432
In base 2, what is 101010101001010110 + -110010?
101010101000100100
In base 14, what is 4239cd - 2?
4239cb
In base 3, what is 1201021 + 1002221102?
1011122200
In base 10, what is 91361 + -322?
91039
In base 12, what is 100040 - 595?
bb667
In base 16, what is 438 - 4a50?
-4618
In base 7, what is 14 + 16313400?
16313414
In base 4, what is 10 - 3133121230?
-3133121220
In base 13, what is -4 - 71cac6?
-71caca
In base 15, what is 4bd4 - 9d3?
4201
In base 8, what is 2437102 + 141?
2437243
In base 5, what is -101021214 + 20?
-101021144
In base 13, what is 13c57 - -409b?
18025
In base 9, what is 2833320 - -31?
2833351
In base 12, what is 55 - 24a860?
-24a807
In base 12, what is 2 - 929b?
-9299
In base 4, what is -22010 - -101112113?
101030103
In base 6, what is 1444 - 40550?
-35102
In base 7, what is 131120560 + 250?
131121140
In base 7, what is 53504435 + 2?
53504440
In base 3, what is 200000202202002 + 12?
200000202202021
In base 2, what is 101111100011100111011000111 - 11?
101111100011100111011000100
In base 10, what is -26 + 49763?
49737
In base 12, what is 4 + -38b2ab61?
-38b2ab59
In base 4, what is -100212023 + 22211?
-100123212
In base 7, what is 30 - 25534036?
-25534006
In base 9, what is 4 + -820262654?
-820262650
In base 10, what is -43 + 180?
137
In base 12, what is -10b - -91aa0?
91991
In base 4, what is -2 - 301102300031?
-301102300033
In base 11, what is -8a3347 + 20?
-8a3327
In base 2, what is 100001111 + -100000110100110000?
-100000110000100001
In base 13, what is 7 - 8486945?
-848693b
In base 12, what is 9873825 - 17?
987380a
In base 12, what is -1620913 + -85?
-1620998
In base 9, what is -8 + 12844114?
12844105
In base 6, what is -350 + -2044305?
-2045055
In base 9, what is -2241305 + 4?
-2241301
In base 8, what is 377462162 - -7?
377462171
In base 5, what is 2 + 13424240240?
13424240242
In base 13, what is -8 + -44a27?
-44a32
In base 5, what is 3033001334 + 0?
3033001334
In base 6, what is 205 + -53454000?
-53453351
In base 8, what is -4 - -637257105?
637257101
In base 9, what is 5 + 20208803?
20208808
In base 8, what is -22667773 - -1?
-22667772
In base 3, what is -2021112101221 - 11121?
-2021112120112
In base 15, what is 655b3d - -32?
655b70
In base 9, what is -102443 - -12756?
-78576
In base 2, what is -101000 + -11000101000101101011?
-11000101000110010011
In base 10, what is 4974521 - 10?
4974511
In base 5, what is -31 + 2231420332?
2231420301
In base 7, what is -5 - 1201332?
-1201340
In base 3, what is -1120120222 + -211?
-1120121210
In base 6, what is 42 - -122034522?
122035004
In base 8, what is 5 - -20605216?
20605223
In base 15, what is -ae080 - -3?
-ae07c
In base 6, what is 1420231 + -23354?
1352433
In base 9, what is -674553 - 112?
-674665
In base 9, what is 3 - -65535183?
65535186
In base 10, what is 6035 - -36303?
42338
In base 4, what is -11 + 1110331233?
1110331222
In base 15, what is -2bb - -1be6?
192a
In base 3, what is 0 + -21102102100111011?
-21102102100111011
In base 11, what is -212 + -63446?
-63658
In base 13, what is 15bc80801 + -2?
15bc807cc
In base 9, what is -81565 + 327?
-81237
In base 8, what is 3377 + -2527?
650
In base 6, what is 232423 + 44351?
321214
In base 15, what is 631a + -461?
5da9
In base 4, what is -22023 + 210200010?
210111321
In base 4, what is -1021003320223 - -3?
-1021003320220
In base 8, what is 37 + -3147226?
-3147167
In base 14, what is -d6 + -11c24c?
-11c344
In base 9, what is -5 - -650446233?
650446227
In base 9, what is 7673028 - 35?
7672883
In base 13, what is 949 + 3346a?
340b6
In base 11, what is 575 - 8867?
-82a2
In base 14, what is 5c8d - -2b9a?
8a49
In base 12, what is -210 - 6080?
-6290
In base 15, what is -a - 3538b11?
-3538b1b
In base 3, what is 22102202202220 + 22?
22102202210012
In base 9, what is -268554510 - -4?
-268554505
In base 16, what is -245a - 5c7?
-2a21
In base 7, what is -143 - 13461465?
-13461641
In base 16, what is 0 + -246a16?
-246a16
In base 13, what is -42a - 4245?
-4672
In base 3, what is -10021102 - -2202002?
-112100
In base 4, what is 322110 + 2222212?
3210322
In base 10, what is -5492773 + 81?
-5492692
In base 13, what is 32508075 - 1?
32508074
In base 2, what is 10 + 10101011011010001110?
10101011011010010000
In base 2, what is 1010101100010010110100100 + 10?
1010101100010010110100110
In base 11, what is 24819a6 - 1?
24819a5
In base 3, what is -211210 + -1221012011?
-1222000221
In base 14, what is 22cd19 + 22d?
22d148
In base 3, what is -10112120011 - -201?
-10112112110
In base 5, what is -2344112341 + 21?
-2344112320
In base 6, what is 100000513352 - 0?
100000513352
In base 10, what is -1